{"id":2211,"date":"2026-03-22T15:19:00","date_gmt":"2026-03-22T14:19:00","guid":{"rendered":"http:\/\/www.imeritrading.pl\/?page_id=2211"},"modified":"2026-04-07T14:12:02","modified_gmt":"2026-04-07T12:12:02","slug":"dysponujesz-wlasna-flota-korzystaj-z-technologii-mt-10-dla-rozwoju-swojej-firmy","status":"publish","type":"page","link":"https:\/\/www.imeritrading.pl\/?page_id=2211","title":{"rendered":"Dysponujesz w\u0142asn\u0105 flot\u0105? Korzystaj z technologii MT-10\u00ae dla rozwoju swojej firmy."},"content":{"rendered":"\n<p>Je\u015bli monitorujesz i przetwarzasz dane zwi\u0105zane ze spalaniem paliwa na trasie pojazd\u00f3w dostarczaj\u0105cych Twoje \u0142adunki ten post powinien Ci\u0119 zainteresowa\u0107.<\/p>\n\n\n\n<p>Coraz wi\u0119cej firm dysponuj\u0105cych w\u0142asn\u0105 flot\u0105 przekonuje si\u0119 do nowoczesnych technologii i ich wykorzystywania w codziennej dzia\u0142alno\u015bci. Efekt MT-10\u00ae w kr\u00f3tkim czasie powinien przekona\u0107 nawet najwi\u0119kszych sceptyk\u00f3w. Wy\u017cszy poziom ochrony podzespo\u0142\u00f3w silnika, ograniczenie niepotrzebnych przestoj\u00f3w oraz obni\u017cenie koszt\u00f3w serwisowych po\u0142\u0105czone z oszcz\u0119dno\u015bciami zu\u017cywanego paliwa przynosi imponuj\u0105cy rezultat. [&#8230;].<\/p>\n","protected":false},"excerpt":{"rendered":"<p>Je\u015bli monitorujesz i przetwarzasz dane zwi\u0105zane ze spalaniem paliwa na trasie pojazd\u00f3w dostarczaj\u0105cych Twoje \u0142adunki ten post powinien Ci\u0119 zainteresowa\u0107. Coraz wi\u0119cej firm dysponuj\u0105cych w\u0142asn\u0105 flot\u0105 przekonuje si\u0119 do nowoczesnych technologii i ich wykorzystywania w codziennej dzia\u0142alno\u015bci. Efekt MT-10\u00ae w [&hellip;]<\/p>\n","protected":false},"author":1,"featured_media":1691,"parent":0,"menu_order":0,"comment_status":"closed","ping_status":"closed","template":"","meta":{"footnotes":""},"class_list":["post-2211","page","type-page","status-publish","has-post-thumbnail","hentry"],"_links":{"self":[{"href":"https:\/\/www.imeritrading.pl\/index.php?rest_route=\/wp\/v2\/pages\/2211","targetHints":{"allow":["GET"]}}],"collection":[{"href":"https:\/\/www.imeritrading.pl\/index.php?rest_route=\/wp\/v2\/pages"}],"about":[{"href":"https:\/\/www.imeritrading.pl\/index.php?rest_route=\/wp\/v2\/types\/page"}],"author":[{"embeddable":true,"href":"https:\/\/www.imeritrading.pl\/index.php?rest_route=\/wp\/v2\/users\/1"}],"replies":[{"embeddable":true,"href":"https:\/\/www.imeritrading.pl\/index.php?rest_route=%2Fwp%2Fv2%2Fcomments&post=2211"}],"version-history":[{"count":8,"href":"https:\/\/www.imeritrading.pl\/index.php?rest_route=\/wp\/v2\/pages\/2211\/revisions"}],"predecessor-version":[{"id":3632,"href":"https:\/\/www.imeritrading.pl\/index.php?rest_route=\/wp\/v2\/pages\/2211\/revisions\/3632"}],"wp:featuredmedia":[{"embeddable":true,"href":"https:\/\/www.imeritrading.pl\/index.php?rest_route=\/wp\/v2\/media\/1691"}],"wp:attachment":[{"href":"https:\/\/www.imeritrading.pl\/index.php?rest_route=%2Fwp%2Fv2%2Fmedia&parent=2211"}],"curies":[{"name":"wp","href":"https:\/\/api.w.org\/{rel}","templated":true}]}}